t b = 52 + 186. What is the tens digit of b?
3
Let f(z) = -z**3 + 6*z**2 - 8*z + 7. Let d be f(5). Let s = 1 - d. What is the units digit of s?
9
Suppose -128 = -i - 0*i + 5*x, 0 = 3*x + 9. What is the hundreds digit of i?
1
Let c(o) = 7*o**2 - 3*o**2 + 2 - 3*o + 0*o**2 - o**3. What is the units digit of c(3)?
2
Let c(r) = 7*r + 7*r - 6*r - 1. Let n = -14 + 15. What is the units digit of c(n)?
7
Let y(d) = -d**3 + 10*d**2 - 14*d + 7. What is the units digit of y(6)?
7
Let q(r) = 7*r**2 + 3*r**2 - 9*r**2 - 6*r + 4. Suppose 5*v - 32 = -2. What is the units digit of q(v)?
4
Let o = -2 + 4. What is the units digit of (-3)/(-6) - (-3)/o?
2
What is the tens digit of 76/(-6)*(-9 - 15)?
0
Let g = 83 - -81. Suppose 5*c = c + g. What is the units digit of c?
1
Let a(n) = -2*n - 6 + 0 - n**2 + 5. Let p be a(-1). Suppose -r + 3*s = -6, 5*s - 92 = -4*r - p*s. What is the units digit of r?
8
Let p(a) = 3*a**2 - 18*a + 5. What is the units digit of p(10)?
5
Let a(p) = p**3 - 8*p**2 - 9*p. Let d be a(9). Suppose 4*c + d*i + 1 = 5*i, c - 6 = -5*i. What is the units digit of c?
1
Let v be (-6)/4*(1 + -3). Suppose 0 = -l + v + 15. What is the tens digit of l?
1
Suppose -2*b - 2*a + 22 = 0, -3*a - 30 = -5*b - 7. Let d = 5 + b. What is the tens digit of d?
1
Let x(a) = 7*a + 1. Let l be x(2). Let b = l - 3. What is the units digit of b?
2
What is the units digit of 28*(10/4 + -2)?
4
Let d(s) = -s**2 - 5*s - 6. Let h be d(5). What is the tens digit of (-1048)/h - (-4)/14?
1
Suppose 0 = -i + 2 + 10. Let z = i + -8. What is the units digit of z?
4
Let v be -1 - (2 - 4)/(-2). Let u be v/3 - 182/(-3). What is the units digit of (u/8)/((-1)/(-2))?
5
Suppose 3*q - 12 = 0, -a + 77 = -2*q + 6*q. What is the tens digit of a?
6
Suppose -3*h + 20 = -h. Let q = h + -7. Let c = q + 3. What is the units digit of c?
6
Suppose -g = -0*g - 6. Suppose 2*o + 36 = g. Let v = -10 - o. What is the units digit of v?
5
Suppose -5*a = 48 - 208. What is the tens digit of a?
3
Let z(s) = 7*s - 21. Let l(u) = 6*u - 20. Let x(n) = 6*l(n) - 5*z(n). Let t be x(9). Let p = 18 + t. What is the tens digit of p?
1
What is the units digit of -1*(-8)/4*1?
2
Suppose -4*z + 6*z = 4. Suppose -2*m + 8 = z*m. What is the units digit of m?
2
Let t(j) = j + 5. Let o be t(-8). Let c = o + 0. What is the units digit of 1 - 3/c*2?
3
Let k be (-178)/(-10) - 1/(-5). Suppose 5*f - c + 49 - 185 = 0, 3*f + 5*c = 104. Let w = f - k. What is the tens digit of w?
1
Let f(l) = -l**3 + 6*l**2 + 4*l - 4. Let i be f(6). Suppose 0 = 4*v - 3*g - 42, -2*g + 0*g = 2*v - 28. Let a = i - v. What is the units digit of a?
8
Let b(y) = -10*y + 35. What is the units digit of b(-13)?
5
Let k(g) = 3*g + 13. Let r(x) = -x - 4. Let y(a) = -2*k(a) - 7*r(a). Let w = -4 + 7. What is the units digit of y(w)?
5
Let o = -2 + 4. Suppose -o*s + 2 = -s. What is the units digit of s?
2
Let t(n) = 15*n + 1. What is the tens digit of t(7)?
0
Let o = -13 + 21. What is the units digit of o?
8
Let m(j) = -j**3 + 4. Let o be m(0). Suppose 0 = -3*i + 8*i - 5*y - 55, i - o*y - 17 = 0. What is the units digit of i?
9
What is the hundreds digit of (2 - (-8)/(-3))*(-1002)/4?
1
What is the tens digit of 3/(-5) + 474/15?
3
Suppose 0 = -6*a + 4*a + 4*y - 8, 0 = 2*y - 2. Let r be -12*(a/3 + 0). Let q = -2 + r. What is the units digit of q?
6
Let n be 0 + -2 + 5*2. Let u be 0 - (-82 + (0 - 0)). What is the tens digit of u/8 - (-6)/n?
1
Suppose 5 = 3*x + 2*x. Suppose 2*h - x = 5, -5*l + 28 = -4*h. What is the units digit of l?
8
Let j be (-82)/(-3) + 6/9. Let q = j - 14. What is the units digit of 22/5 - q/35?
4
Let k be (-57)/(-21) + 2/7. Suppose 4*x = -2*h - 2*h + 44, 31 = 3*x + 2*h. Suppose -w + 3*z + x = 0, 4*w - 4*z + k*z - 14 = 0. What is the units digit of w?
3
Let k be (-115)/20 + 1/(-4). Let c = -4 - k. Suppose 3*r - c*z - 28 = 0, 0 = -0*r + r + 2*z + 4. What is the units digit of r?
6
Suppose 6*i - i = 0. Suppose r - 3*s + 5 = 2*s, 5*s = -4*r + 80. Suppose i = -3*d + r - 0. What is the units digit of d?
5
Let u = -2 + 0. Let y(l) = l**2 + l - 1. Let m be y(u). Let j(k) = 4*k**2 - k + 1. What is the units digit of j(m)?
4
Suppose -5*t - 78 = -8*t. What is the units digit of t?
6
Let q(c) = c**3 - c**2 + 2*c - 2. Let t be q(2). Let b(v) be the second derivative of -v**4/12 + 4*v**3/3 - 5*v**2/2 - 2*v. What is the units digit of b(t)?
7
Suppose -7*u = -1054 - 283. What is the units digit of u?
1
Let o = -8 + 11. Suppose 2*a + 3*a = -3*m - 22, -2*m = o*a + 13. Suppose -z - m + 4 = 0. What is the units digit of z?
3
Suppose 4*d - 3*m = 8, -m = -2*m. Suppose 2*u - 96 = -3*r, -r = -d*u - u - 21. What is the tens digit of r?
3
Let k(c) = -182*c**3 - 2*c**2 - 2*c - 1. What is the hundreds digit of k(-1)?
1
Let l(t) = t + 9. Suppose 5*f - 28 = 2*b, 4*b = -5*f - 0 + 4. Let y be l(b). Suppose 2*i - y*p = 4 + 29, -2*p - 30 = -2*i. What is the tens digit of i?
1
Let t = 39 + -21. What is the units digit of t?
8
Suppose -4*d + 0*d = 36. Let m = -7 - d. Suppose -j + m*j - 20 = 0. What is the units digit of j?
0
Let q = -27 - -81. Suppose k = -2*k + 3*g + q, -k + 2*g = -20. What is the tens digit of k?
1
Suppose 3*h + h = 732. What is the tens digit of h?
8
Let j(d) = d**2 - 4*d - 8. What is the tens digit of j(-6)?
5
Let a(x) be the first derivative of x**3/3 - 5*x**2/2 + 11*x + 7. What is the tens digit of a(8)?
3
Suppose -4*d - 16 = 0, -2*i = 3*i - d + 11. Let x = i + 1. What is the units digit of ((3 - x) + -1)*2?
8
Let v(z) = -12*z + 8. What is the units digit of v(-2)?
2
Suppose -3*k + 13 + 29 = 0. What is the units digit of k?
4
Let k = -18 - -45. What is the tens digit of k?
2
Suppose -4*u - 5 = -3*q + 16, q + 12 = -5*u. Let o = q + -5. What is the units digit of ((-6)/(-9))/(o/(-21))?
7
Suppose -2*z - z + 36 = 0. Suppose -b = 3*b - z. What is the tens digit of -7*b/((-6)/4)?
1
What is the tens digit of 446/18 - (-2)/9?
2
Let r = 136 - 51. What is the units digit of r?
5
Suppose -2*y = -4*y + 94. What is the units digit of y?
7
Suppose -3*h + 7*h = 0. Suppose 3*j - 3 - 3 = h. What is the units digit of j?
2
What is the units digit of ((-128)/20)/((-3)/15)?
2
What is the units digit of (126/49)/2 - (-2)/(-7)?
1
Suppose -n + i = -36, -4*n + 36 = -3*n - 4*i. Suppose -x = 3*j - 4, -4*x = 4*j + 12 - n. What is the units digit of x?
7
Let g be (-1 - (-6)/8)*(0 - 0). Let l be (3*4)/((-3)/8). What is the tens digit of g - l/2 - 3?
1
Suppose o + 3*l + 0*l = 16, 0 = 3*l - 9. Suppose 2*q = 5 + o. What is the units digit of q?
6
Let g = -18 - -52. What is the units digit of g?
4
Suppose -5*d + 48 = -3*g, 0 = -2*d - g + 3*g + 20. Let s = 12 - 17. Let l = d + s. What is the units digit of l?
4
Suppose 3*p = 4*z + 213, -5*p - 5*z = -622 + 232. What is the tens digit of p?
7
Let m(n) = n - 5. Let v be m(10). Suppose -5*i + 16 = -i. Suppose 33 = v*w - w + 3*j, 5*w = -i*j + 41. What is the units digit of w?
9
Let p = -15 - -8. Let o = p - -14. What is the units digit of o?
7
Suppose 0*l = 2*l + 10. Let p = -22 - l. Let a = 2 - p. What is the tens digit of a?
1
Let w be (-22)/(-7) - (-10)/(-70). Let c be (1/(-2))/((-1)/(-2)). What is the units digit of w*(5/(-3))/c?
5
Let k(t) = t**2 - 3*t + 3. Suppose 0*g - 2*g = -6. Let y be k(g). Suppose -y = -n + 2. What is the units digit of n?
5
What is the tens digit of -6 + (-2430)/(-5 - 1)?
9
What is the tens digit of 3/(-12) + (-97)/(-4)?
2
Suppose 3*t + 2*t - 10 = 0. Suppose 3*k - 2*k = -t*s + 8, 5*k - 28 = -4*s. Suppose 0 = s*o + 2*g - 32, -4*o - g = o - 80. What is the tens digit of o?
1
Let d(j) = -2*j - 8. Let t be d(-6). Suppose l = 2*h + 62, h + 0*l = -l - 25. What is the units digit of t/(-6) - h/3?
9
Let j(l) = 4*l + 2. Let w be (-33)/(-15) + 1/(-5). What is the units digit of j(w)?
0
Let r be ((-15)/2)/(-5)*8. What is the tens digit of (3*-1)/((-2)/r)?
1
Let l(f) = -f**2 + 8*f - 8. Suppose -3*h + 4 = 2*c, 2*h - 11 = -3*c - 0*h. Let m = 1 + c. What is the units digit of l(m)?
4
What is the tens digit of (6/(-4))/(6/(-136))?
3
Let h = -15 - -37. Let r = -18 + h. What is the units digit of r?
4
Let h = 4 - 2. Suppose -4*x = -h - 2. Let k = x + 13. What is the tens digit of k?
1
Suppose 9*o - 910 - 728 = 0. What is the units digit of o?
2
Let k(r) = r**2 - 2*r - 9. What is the tens digit of k(10)?
7
Suppose -4 - 2 = -2*a. Supp